.
-2
Calculate -7 - (3 - (1 - -4)).
-5
(3 - 2) + (-5 + 2 - -3)
1
Calculate 3 - (2 + -3 + 4 + -5).
5
What is the value of -8 - (-6 + (2 - 2))?
-2
-5 - (-6 + 6 + 1)
-6
Calculate 11 - (-9 + 28 - 9).
1
Evaluate (4 - (2 + (11 - -1))) + 5.
-5
Calculate 6 + (3 - 10) + 5.
4
What is the value of (-7 - -2 - (30 + -37)) + 2?
4
Evaluate -1 + 4 - (6 - 1).
-2
What is 2 + -3 - (-1 - 2)?
2
What is 1 - (3 - (10 - 3))?
5
Calculate 0 + 1 + -1 + 28 + -24.
4
-3 + 2 + -3 + (1 - -6)
3
What is 10 + 0 - (10 - 2)?
2
Evaluate (1 - 9) + 32 + -28.
-4
-6 + 0 + 8 - 0
2
Evaluate 4 + (4 - 4 - 8).
-4
What is 0 - 0 - (1 - -1) - -5?
3
Calculate -13 + 9 + (0 - -6) + -1.
1
Calculate -7 + -1 + (-32 - -34).
-6
(-9 - -7) + (3 - (1 - 2))
2
What is the value of 2 + -4 - 1 - (0 + 0)?
-3
Evaluate -4 + (5 - (3 + -7 - -5)).
0
Evaluate ((7 - 1) + -1 - 2) + -7.
-4
Calculate 0 + (-1 - (-3 - -2) - -2).
2
Evaluate (2 - 7) + 0 + 10.
5
Calculate (-5 - -1) + 13 - 9.
0
Evaluate (8 - 6 - -3) + -2.
3
Evaluate -2 + -1 + (13 - (19 - 12)).
3
Calculate -3 - (-3 - (1 - 0)).
1
11 + -11 - (4 + 0)
-4
Evaluate (2 - -5) + 6 + (-13 - -1).
1
What is (-26 - -13) + 19 - 7?
-1
Calculate -15 - -18 - (3 + -1 + -2).
3
Calculate -19 + 18 + 1 + -4 + 2.
-2
What is 9 - 24 - -6 - (-3 + -1)?
-5
What is (0 - -5) + -4 + 2 - 1?
2
What is the value of 11 + -14 + 7 + -3?
1
What is 1 + 1 - (-3 + 1)?
4
What is -6 - (-11 - (-8 - 0))?
-3
Calculate 0 + 11 - (132 - 123).
2
What is (-1 + 2 - 1) + (-9 - -4)?
-5
What is (3 - -4) + (5 - 11)?
1
Calculate 0 + (-1 + -11 - -6).
-6
What is the value of -2 + -2 + -7 - (-141 + 138)?
-8
5 + -3 + (-1 - (3 + -4))
2
What is (-9 - (9 - 12)) + -3?
-9
Calculate (2 - 2) + (-2 - -1) + 1.
0
Evaluate 2 - 5 - -7 - (2 - -3).
-1
Evaluate (-4 - (10 - 7)) + 0.
-7
What is -13 + 2 + -2 + 8?
-5
-9 - (-19 - (-7 + -4))
-1
Calculate -3 + 10 + (2 - 12).
-3
3 + 0 - (25 - (21 - 5))
-6
What is the value of (5 - 1) + -11 + 2?
-5
Calculate -4 + 4 - (0 - (0 + 1)).
1
Evaluate -2 - 1 - (62 + -57).
-8
Calculate (0 + 3 - 15) + 7.
-5
Evaluate 4 + (-6 - (2 + -2)) + 3.
1
1 + (3 - (-5 - -2) - 3)
4
Evaluate 2 - 6 - (9 - 10).
-3
8 + (-6 - 9) - 2
-9
What is (7 + -9 - -9) + (-3 - 1)?
3
Evaluate 3 + 1 + (3 - (3 + 1)).
3
Calculate -8 + -3 + 5 + 9.
3
What is the value of -4 + (1 - (1 - (5 - 0)))?
1
What is the value of (1 - -3) + 0 + -8?
-4
What is -12 - -6 - (-1 - 5)?
0
Calculate -3 + 1 + 17 + -19.
-4
(4 - 8) + -3 + 7
0
What is the value of 4 + -16 + 17 - -1?
6
Evaluate 12 + 3 + -24 + 10.
1
What is the value of -5 - (-1 + -5 - -1)?
0
What is the value of (2 - (8 - 4)) + (-2 - -1)?
-3
Calculate 22 + -26 + (-3 - -1).
-6
What is 0 + (-3 - (2 - 1 - 4))?
0
Calculate -2 + (9 + -7 - 6).
-6
10 + -15 + 7 - 5
-3
-1 + 2 + (6 - 4) + -7
-4
What is the value of 7 + -1 - (16 + (-14 - -4))?
0
What is the value of (16 - 10 - 12) + -1 + 4?
-3
Calculate 2 - 3 - 1 - 3.
-5
What is 38 + -40 - (0 - -1)?
-3
-5 + 19 + -3 + 2 - 6
7
What is the value of -3 + 4 - (-63 - -67)?
-3
Evaluate 3 + (-15 - -11 - 3).
-4
Calculate -5 + 3 - (1 - 3 - 6).
6
What is the value of 2 + -8 + (10 - -6) + -8?
2
Evaluate (2 - 1) + (4 - 0 - 2).
3
Calculate 5 + -8 + 1 - (4 + -4).
-2
Calculate 6 + -10 - 2 - -9.
3
2 + -5 - (3 - -2)
-8
What is the value of 2 + 8 - (25 - 23)?
8
Evaluate 1 + -7 + 3 + 0.
-3
What is the value of -3 + (-2 - -4) + -5 + 2?
-4
(1 - (4 + -2)) + (17 - 13)
3
What is 7 + -5 + 7 + 2?
11
What is the value of (-1 - (-3 - 2)) + -2?
2
Evaluate (-6 - 1) + 35 + -31 - 0.
-3
What is -1 + -10 + 20 + -20 + 6?
-5
Calculate -8 + 9 + (-1 - -2) + -3.
-1
(4 - 1) + (8 - 9) + -2
0
5 + 1 + -7 + -2 + 5
2
What is 2 - -1 - ((-15 - -5) + 7)?
6
Evaluate -3 + (-1 + 8 - (6 - 2)).
0
Evaluate (35 - 31) + 1 + (-1 - 4).
0
What is 0 - -7 - 3 - (4 - 2)?
2
What is (1 - 7) + (9 - (-2 - -7))?
-2
Calculate 5 - (2 + 0 - 0).
3
1 + 0 + -7 - (-14 + 14)
-6
What is the value of 5 + (3 - (4 - 1)) + -3?
2
What is the value of 6 + (6 - (4 + 3))?
5
What is the value of 46 - 51 - (-2 + (2 - 1))?
-4
What is 6 + (-12 - -5 - -4)?
3
Evaluate -13 + 8 - -5 - -3.
3
What is the value of 2 - 1 - (9 - (3 - 0))?
-5
-6 + 9 - (-6 + (7 - 3))
5
What is the value of 15 + -23 - (4 + -10)?
-2
Calculate 0 + -7 - -8 - (2 + 1).
-2
What is 2 - (-5 + -1) - 6?
2
(-13 - -23 - 13) + 0 + 5
2
What is (-2 - -5) + 1 + -5 + -2?
-3
What is the value of -4 + -1 - (111 + -116)?
0
What is -34 + 34 - (-6 + 0) - 16?
-10
What is -3 + -1 - (1 - 3)?
-2
Evaluate 3 - ((4 - 1) + 7).
-7
What is 0 - 2 - (0 - 4) - 3?
-1
Evaluate 15 - ((-5 - -21) + -7).
6
Calculate (4 - 6) + 5 - -2.
5
What is 4 - 1 - (-2 + 0)?
5
Evaluate (-5 - -5) + (4 - 2) + 0.
2
Calculate -1 - 2 - (0 + -2 - -1).
-2
What is -9 - -5 - (0 + (0 - -2))?
-6
Evaluate 7 + -1 + (113 - 129).
-10
What is (-27 - -26) + (0 - (-1 - -3))?
-3
Calculate 1 - (-1 - (-5 + 2)).
-1
Evaluate 7 + (-2 - -2) + -6.
1
Calculate 1 - (-5 - (4 + -6)).
4
What is 2 + (0 - -2) + -5 + 1?
0
Calculate 5 + -1 - (10 + -9).
3
Evaluate 1 + -4 + -3 + 9.
3
Calculate (1 + (6 - 9) - -8) + -1.
5
What is the value of -5 + (7 - (2 + 5))?
-5
Calculate -149 - -159 - (14 + 0).
-4
What is -12 + 12 + 0 - (-2 - -1)?
1
What is the value of (5 - 2) + -1 - 0?
2
What is the value of -6 + (0 - (-4 - 3))?
1
3 + (-9 - -4) + (-6 - -3)
-5
-8 + -2 + 1 + 7 + -5
-7
What is -3 + 0 - (-9 + 1) - 2?
3
What is the value of (-2 - -1) + 3 - 2 - 1?
-1
Evaluate -1 - (-4 + -3 + 6).
0
What is -12 - 0 - (-4 + -2)?
-6
Calculate (-15 - 0) + (20 - 8).
-3
What is the value of (2 - (-3 + -3)) + -5?
3
What is the value of 154 + -153 + -8 + -1?
-8
Evaluate -8 + 4 + 10 + -3 + 0.
3
Evaluate -10 + 4 - (1 + -1).
-6
Calculate (-7 - -3) + (0 - (0 + -2)).
-2
What is 1 - 2 - (23 - 23)?
-1
0 + (1 - 5) - -4 - 2
-2
5 + -1 + (2 - -4 - 6)
4
Calculate 1 + -10 + 2 + 1 - 1.
-7
Evaluate -2 + -8 + 1 + -21 + 27.
-3
What is the value of -10 - ((6 - 3) + -10) - 7?
-10
Evaluate 3 + (2 + -1 - (3 - -4)).
-3
Calculate 4 + -2 + 3 + (-10 - -8).
3
What is the value of (3 - (-12 - -13)) + 2?
4
What is the value of -8 - -4 - (-3 - -2 - 2)?
-1
Evaluate 2 + (7 - 7) - 0.
2
Evaluate (3 - 3 - 13) + -1 + 5.
-9
What is (-2 + 5 - 0) + (-1 - 4)?
-2
What is the value of 7 - (0 + 10 - 5)?
2
What is 4 + -3 + (2 + -1 - -1)?
3
7 - ((2 - -8) + (-4 - 1))
2
(355 - 347) + 2 + 0 + -4
6
What is 8 + -4 + (-2 - 2)?
0
11 + (-8 - -2) + -5
0
Evaluate 8 + -19 + 27 - 11.
5
What is the value of (-1 - (2 - (-3 - -5))) + 2?
1
What is the value of 16 + -9 + -3 - 5?
-1
What is the value of -3 + 1 + -2 + (-30 - -24)?
-10
Evaluate -7 - (3 - (15 + -1)).
4
Calculate (6 - 1 - 4) + 7 - 15.
-7
-11 - (-7 + 0 - -4)
-8
What is the value of 10 + -4 + -25 + 11?
-8
Calculate (3 - -1) + -46 + 41.
-1
Calculate -1 - 11 - (-155 - -143).
0
What is the value of (2 - 6) + (7 - 11)?
-8
What is (0 + 3 - (0 - -2)) + -6?
-5
What is -6 + (-4 + 11 - 1)?
0
What is the value of -2 + (2 - (-2 + 3))?
-1
-1 + 0 + (15 - 7) - 2
5
Calculate 0 + 6 + 1 + -4.
3
What is -2 - ((1 - (5 - 2)) + 7)?
-7
What is the value of (1 - 0 - 1) + (-5 - -8)?
3
(-2 - (-1 - (-2 + 5))) + 5
7
Evaluate 1 - (-4 + (-9 - -5)).
9
What is the value of -9 + (2 - (-3 - -1))?
-5
Evaluate 7 - (-3 + 0 - (20 + -26)).
4
-7 + -1 - (-5 + -2)
-1
Calculate (1 - 2) + 2 + 5 + -3.
3
What is the value of -4 + 10 - (3 - (-1 + 2))?
4
What is the value of 5 - -2 - (2 + 4 + -4)?
5
What is the value of (-9 - (-7 + 2)) + 4?
0
What is (8 - 1 - 2) + (-8 - -9)?
6
Calculate (-16 + (3 - -1) - -7) + 10.
5
Evaluate 5 - 0 - (9 - 4).
0
8 - (-3 + 6 - -3)
2
Evaluate -33 + 45 + -6 + 0.
6
-7 + (-1 - (3 - 7))
-4
Evaluate 5 + 4 + -5 + 4 + -9.
-1
What is (-1 + -2 - (-4 - -5)) + -1?
-5
Calculate -11 + 13 - (-2 - -2).
2
Evaluate -4 - ((0 - 2) + 0).
-2
1 + (-4 - (1 + -2))
-2
What is -1 - (2 - -2 - 7)?
2
What is 2 - 2 - ((6 - -7) + -16)?
3
Evaluate 1 + 2 + (-1 - 2) + 3.
3
-55 - -63 - (6 - (3 + 0))
5
What is 28 + -33 - (-11 - (0 + -1))?
5
What is 8 + -12 - (0 - (-1 - -1))?
-4
Evaluate (-10 - -5) + 7 + 1.
3
-22 + 11 + -8 + 15
-4
-8 - -8 - (-6 + 3) - -6
9
Evaluate (-14 + 6 - (0 + -6)) + 8.
6
Evaluate -1 + -5 + (-3 - -11).
2
Evaluate 0 - 2 - 3 - (-3 - 2).
0
Calculate 2 - -4 - (5 - 1).
2
What is the value of 1 + 0 - (104 - 104)?
1
0 - 3 - -1 - (4 - 2)
-4
Evaluate -4 + -1 - (-4 + -1 + 8).
-8
What is the value of 0 + 8 + -4 + -4?
0
Evaluate -17 + 9 - (-10 + 8).
-6
What is (-3 + 4 - (3 + 0)) + 3?
1
What is (1 - 2) + (-5 - -11)?
5
Calculate (